-2*x - a. Suppose u = 5*o - 46. What is the tens digit of o?
1
Let w = -24 - -52. Let v = -15 + w. What is the units digit of v?
3
Let o(f) = 10*f**3 - 3*f**2 + f - 2. What is the units digit of o(2)?
8
Suppose 0 = 2*j + 3*j. Let y(r) = j*r - 5*r**2 + r**3 - 7*r + 13 - 5. What is the units digit of y(6)?
2
Suppose 2*k - 5*k = -12. Suppose -g = -2*s, -9 = g + k*s - 9*s. What is the units digit of g?
6
Let d = 234 + -167. What is the units digit of d?
7
Let v(t) = -t**3 - 6*t**2 - 3*t + 6. Let x be v(-6). Suppose -4*a = -a - x. Let i = a - 6. What is the units digit of i?
2
Let h(r) = -r + 2. Let p(o) = o + 1. Let y(m) = h(m) + 2*p(m). What is the tens digit of y(11)?
1
Let n be -2*(-6 - -3)*1. Suppose -5*r - n*o + 80 = -5*o, 40 = 3*r - o. What is the tens digit of r?
1
Let x(z) = z**2 + 6*z - 3. Let v be x(-7). Suppose -5*w + v*w + 13 = 0. What is the units digit of w?
3
Let y be 1 + (-2 + 1)*3. Let q be (-94)/(-6) - y/(-3). What is the units digit of (4/(-5))/((-2)/q)?
6
Suppose 0 = -5*p + p - 4, 5*c + 2*p = 318. What is the tens digit of c?
6
Let o(y) = 2*y**3 - 7*y**2 + 2*y - 11. Let f be o(8). What is the units digit of f/21 - 2/(-6)?
8
Let l = -49 + 78. What is the tens digit of l?
2
Let z(r) = 6*r**2 + 2*r + 1. Let y be z(-1). Suppose 19 - y = x. What is the units digit of x?
4
Suppose w = a, 4*a = -5*w + 1 + 17. Suppose 0 = -4*c - 8, w*k - 4*c - 18 = -3*c. What is the units digit of k?
8
Suppose 5*y - 444 - 266 = 0. What is the hundreds digit of y?
1
Let s be 2 - (-10 + (-2)/2). Suppose 19 = 4*r - s. What is the units digit of r?
8
Suppose 5*p - 2*n - 45 = n, 2*p - 4*n - 32 = 0. Suppose 2*v - p*v = -24. What is the units digit of v?
6
Let o(h) = -h**2 - 14*h + 43. What is the tens digit of o(-14)?
4
Let a = -18 + -18. What is the units digit of a/(-48)*1*4?
3
Suppose 2*w + 0*w - 60 = 0. Suppose -j = j - w. Let r = -8 + j. What is the units digit of r?
7
What is the units digit of (-219)/(-21) + 18/(-42)?
0
Let x(o) = -o**2 - 9*o - 9. Let p be x(-7). Suppose -4*z - 5*m + 27 = -0*m, 21 = p*z + 2*m. What is the units digit of z?
3
Suppose -6*u = -u. Let o = u + 15. What is the units digit of o?
5
Let t(h) = h**2 + 4*h + 1. Let x be ((-2)/2)/((-3)/(-27)). Let m = x - -5. What is the units digit of t(m)?
1
Suppose 3*w = -5*g + 30, -3*g = -3*w - 12 - 30. What is the units digit of g?
9
Let c(y) = -y**3 + 6*y**2 - 5*y - 2. Let m be c(4). Suppose 0 = -9*z + 15*z - 12. Suppose -z*w - m = -34. What is the tens digit of w?
1
Let y = 230 + 58. What is the hundreds digit of y?
2
Let f(w) = -w**2 - 6*w - 3. Let g be f(-7). Let m = g - -32. What is the units digit of m?
2
Let b = 7 - 18. Let g = b - -18. What is the units digit of g?
7
Let n = 98 - -1. What is the units digit of n?
9
Suppose 0 = -10*g + 7*g + 411. What is the tens digit of g?
3
Let m be 0 - 3 - (-720)/9. Let r = m + -45. What is the tens digit of r?
3
Let o be (84/36)/((-2)/(-42)). Let k be -1 + (-3)/(3/(-302)). What is the units digit of k/o + 2/(-14)?
6
Let a(i) = i**3 - i**2 + i + 5. Let g(t) = -t**2 - 6*t - 2. Let j be g(-5). Suppose -5*w - j = -5*c - 13, 3*c = -3*w - 6. What is the units digit of a(w)?
5
Suppose 12 = -2*x + 4*m, -4*x - 3*m + 8 = -12. What is the units digit of x?
2
Suppose 5*d = 9*d - 120. What is the units digit of d?
0
Suppose 0 = -2*h + 2*r + 74, 0*r = -3*h - 3*r + 129. Suppose -5*i + h = 3*b, 2*b - 2*i - 14 = i. What is the tens digit of b?
1
Suppose -44 = -0*j - 2*j. Suppose -2*i + 4*w = 3*i - 31, 2*i = 4*w + j. Suppose 0 = -v + i + 2. What is the units digit of v?
5
Suppose -3*i - 5*o - 11 + 2 = 0, 3*o = -4*i - 1. Suppose 14 = w + y, 13 + 8 = i*w - 5*y. What is the tens digit of w?
1
Let m(c) = -c + 16. What is the tens digit of m(-7)?
2
Let m be (-2 - -1) + (-3 - -4). Suppose 0 = -2*q - 5*r + r - 2, -3*q - r + 7 = m. Suppose -5*i = s + 4 - 11, -s = -q*i - 23. What is the units digit of s?
7
Suppose -a - 4 = -3*a. Suppose a = 4*n - 18. What is the units digit of n?
5
Let k(a) = -4*a**3 - 3*a**2 + a + 2. Let p be k(-3). Suppose 3*r + 2*r = p. What is the tens digit of r?
1
Let a(f) = -f**2 - 17*f + 10. What is the tens digit of a(-10)?
8
Let v = -21 + 29. Let b = 10 - v. Suppose -3*c = 15, 0*p - b*p + 3*c + 33 = 0. What is the units digit of p?
9
Suppose -8*f + 5*f = -408. What is the hundreds digit of f?
1
Let u = 80 - 28. What is the tens digit of u?
5
Suppose 9 = 3*x, -2*x = -3*m - 2*m - 91. Let z = 3 - m. What is the tens digit of z?
2
Let c = -24 - -37. What is the tens digit of c?
1
Let t be (-22)/(-4) - (-4)/8. Suppose -5*j + 18 = -v, t*j - 12 = 4*j - 2*v. What is the units digit of j?
4
Let y be ((2/1)/1)/2. Let k be 2 + 1 + -2 + y. Suppose -4*l - 2*t = -60, 3*l + k - 42 = -4*t. What is the tens digit of l?
1
Let g(n) = 10*n + 0*n**3 - 11 + 7*n**2 - n**3 + 0 + 1. What is the units digit of g(8)?
6
Suppose 3 = -2*d - d. What is the units digit of 0 - (d + 4)*-1?
3
Let y be 2*3/(-12)*46. Let r = 40 + y. What is the units digit of r?
7
Let b(l) = 16*l**3 + 2*l**2 + 2*l. Let a be b(-2). Let j = -85 - a. Suppose 2*u + u = j. What is the tens digit of u?
1
Suppose -2*q - 1 - 53 = 0. What is the tens digit of (q/(-4))/((-6)/(-16))?
1
What is the tens digit of 2 + -2 + 0 + 41?
4
Suppose -3*o + i + 29 = 0, -o + 18 = 4*i + 4. Let a(m) = -5*m + o*m + 3 + 4*m**2 - 2*m**2. What is the units digit of a(-3)?
6
Let j(z) = 2*z. Let q = -11 - -6. Let i = -4 - q. What is the units digit of j(i)?
2
Let n(f) = f**2 + f + 2. Let u be n(0). Suppose -u*w - 9 = -5*c, -2*w + 2 = 5*c + 1. What is the units digit of c?
1
Suppose 3*v - 2*v = -h + 387, v = 3*h + 375. What is the units digit of v?
4
Suppose 0*s + 405 = 5*s. What is the units digit of s?
1
Suppose 0 = -5*d - 0*d + 20. Suppose 0 = 4*y + 2*j - j - 12, -2*j = d*y - 8. What is the units digit of y?
4
Let n(i) = -i**2 - 3*i - 2. Let o be -2 + -1 + 2 + -1. Let h be n(o). Suppose h = 4*k + k - 50. What is the units digit of k?
0
Suppose 6*x - 18 = 3*x. What is the units digit of x?
6
Suppose 5*x = -16 + 46. Suppose -x*w = -5*w - 7. What is the units digit of w?
7
Let k(h) = -h**2 + 8*h - 6. Let z be k(6). Let t be 1/(-1 + z/4). What is the units digit of (-26)/(-8) + t/(-8)?
3
Let g be (8/(-6))/((-1)/18). Suppose -4*m + o = -4*o - 50, -2*m + 3*o + g = 0. Suppose 0 = -t - 5 + m. What is the units digit of t?
0
Let f = -5 - -8. Suppose o = -o + z + 57, -41 = -o + f*z. Let y = -15 + o. What is the tens digit of y?
1
Suppose 4*c = w + 6, -4*w + 6*c - 24 = c. Let h(z) = -3*z - 1. What is the tens digit of h(w)?
1
Suppose -2*u + u - 115 = -3*r, 0 = 5*r - 3*u - 185. What is the units digit of r?
0
Suppose -60 = 2*l - 6*l. What is the units digit of l?
5
What is the units digit of (32 + -27)/((-2)/(-120))?
0
Suppose -4*t = -0*f + f + 5, -3*f - 1 = 5*t. Let l = f - -2. What is the units digit of l?
5
Let j(f) = -f**2 + 3*f + 10. Let u(y) = 2*y**2 - 6*y - 21. Let z(v) = 5*j(v) + 2*u(v). Let b be z(6). Let l = 17 + b. What is the units digit of l?
7
Let f be 0*((-9)/(-6) - 1). Suppose f = -h - h - 6. Let x(m) = -3*m - 3. What is the units digit of x(h)?
6
Let k = -33 - -50. What is the units digit of k?
7
Let o be (-960)/(-44) + 4/22. What is the tens digit of (o - (-2 + 0)) + 2?
2
Let z = 14 + 28. What is the tens digit of z?
4
Let r(m) = m**2 - 8*m + 9. Let c be r(6). Let q(f) = -f**3 - 2*f**2 + 3*f + 4. What is the units digit of q(c)?
4
Let m(h) = 12*h**2 - 4*h + 2. What is the tens digit of m(2)?
4
Suppose -5*d + 69 = -106. What is the units digit of d?
5
Suppose t = -4*x + 42, -4*x + 108 = 4*t - 8*x. What is the units digit of ((-32)/(-10))/4*t?
4
Let s be 12/10*(-38 + -2). What is the units digit of (s + 2)*2/(-4)?
3
Let t be 2*((-21)/(-6) - 1). Suppose x = t*d - 0*x - 28, 0 = -4*d - 5*x + 34. What is the units digit of d?
6
Suppose 2*v + d = 2*d + 4, 3*d - 4 = 2*v. What is the units digit of 3*(-4)/(-24)*v?
2
Let u(v) = 7*v + 71. What is the tens digit of u(21)?
1
Suppose -3*j + 3 + 18 = 5*a, -2*a - j = -8. Suppose -a*v = -13 - 32. Suppose -3*q - 2*q + v = 0. What is the units digit of q?
3
Let c = 4 - 11. Let h(v) = -v + 3. What is the tens digit of h(c)?
1
Suppose -3*q = -0 - 9. What is the units digit of q?
3
Let w(l) = l**2 - 8*l + 3. Let x be w(6). Let b = 13 + x. What is the units digit of b?
4
Let h = 34 - 7. What